c + 41. Calculate p(4).
-59
Let f(a) = 66*a**2 - 1657*a + 26. Determine f(25).
-149
Let c(r) = r**2 - 16*r - 136. What is c(23)?
25
Let g(y) = -40*y - 100. What is g(-3)?
20
Let t(y) = -2*y**3 + 29*y**2 - 4*y - 5. Determine t(16).
-837
Let h(x) = -2*x**2 - 33*x - 110. Determine h(-8).
26
Let h(s) = s**2 - 9*s - 73. Give h(14).
-3
Let m(q) = -q**2 - 132*q - 2414. Determine m(-22).
6
Let x(w) = -w**3 + 3*w**2 - 22*w + 69. What is x(3)?
3
Let n(h) = -h**2 + 11*h - 45. What is n(10)?
-35
Let n(p) = -5*p**2 + 202*p - 47. Calculate n(40).
33
Let i(f) = -10*f - 118. Calculate i(-19).
72
Let q(o) = -3*o**2 + 112*o - 910. Give q(12).
2
Let s(d) = 24*d + 978. What is s(-41)?
-6
Let a(v) = 4*v + 203. Determine a(4).
219
Let q(g) = 2*g**2 - 81*g + 744. Calculate q(14).
2
Let c(s) = -60*s - 458. Calculate c(-6).
-98
Let h(l) = -48*l + 116. Give h(4).
-76
Let o(b) = 14*b**2 + 21*b + 98. Give o(-5).
343
Let m(g) = 5*g**2 - 19*g - 494. Give m(12).
-2
Let d(n) = n**2 - 166*n + 1929. Calculate d(156).
369
Let k(l) = -3*l**3 + 111*l**2 - 100*l - 279. What is k(36)?
9
Let t(y) = -20*y**2 - 483*y - 67. Determine t(-24).
5
Let i(m) = -3*m**3 + 112*m**2 - 43*m + 94. Give i(37).
-128
Let u(c) = 24*c + 105. Give u(-5).
-15
Let i(s) = s**3 - 6*s**2 - 40*s + 201. What is i(6)?
-39
Let u(j) = j**3 + 14*j**2 + 3*j + 88. Calculate u(-14).
46
Let c(j) = 3*j**2 + 514*j + 1538. What is c(-3)?
23
Let a(l) = -l**2 + 7*l - 4. Determine a(3).
8
Let u(o) = 91*o + 2816. What is u(-31)?
-5
Let d(u) = 88*u + 35. Determine d(3).
299
Let r(p) = -p**3 + 37*p**2 - 319*p - 50. Calculate r(14).
-8
Let o(j) = 10*j + 29. Determine o(-4).
-11
Let a(k) = -k**2 + 26*k - 63. Calculate a(22).
25
Let k(s) = 129*s - 43. Determine k(-2).
-301
Let h(y) = 924*y - 12031. Determine h(13).
-19
Let y(j) = 275*j + 6041. Determine y(-22).
-9
Let c(x) = -x**3 + 4*x**2 + 29*x - 11. Give c(8).
-35
Let x(t) = 7*t**2 + 109*t - 44. Calculate x(-16).
4
Let z(t) = 9*t + 442. Calculate z(-41).
73
Let v(s) = -252*s - 1499. Give v(-6).
13
Let c(i) = -i**3 - 111*i**2 - 120*i - 1110. Calculate c(-110).
-10
Let x(i) = i**2 - 4*i - 137. Calculate x(14).
3
Let a(z) = z**2 + 218*z - 3754. Determine a(16).
-10
Let o(m) = 152*m - 2741. Calculate o(18).
-5
Let v(t) = t**3 - 4*t - 22. What is v(4)?
26
Let z(r) = -147*r**2 - 71*r + 69. Determine z(1).
-149
Let f(i) = 5*i**3 + 97*i**2 + 37*i - 7. Give f(-19).
12
Let o(t) = 20*t + 360. Determine o(-17).
20
Let j(v) = v**3 - 14*v**2 + 10*v - 30. Calculate j(14).
110
Let j(q) = 2*q**2 - 4036*q + 83878. Give j(21).
4
Let t(w) = -2*w**3 - 16*w**2 + 9*w - 10. Give t(-7).
-171
Let y(j) = 373*j**3 + 2*j**2 + 15*j + 13. What is y(-1)?
-373
Let p(c) = -57*c - 252. Calculate p(-6).
90
Let s(y) = 233*y + 4277. Give s(-18).
83
Let r(k) = 20*k - 860. What is r(50)?
140
Let i(c) = 4*c**3 - 64*c**2 - 5*c + 24. What is i(16)?
-56
Let i(x) = -x**3 + 10*x**2 - 60*x + 787. What is i(11)?
6
Let a(s) = -270*s - 1353. What is a(-5)?
-3
Let f(t) = 6169*t + 104863. What is f(-17)?
-10
Let l(x) = -x**3 - 152*x**2 + 4022*x - 523. What is l(-175)?
2
Let j(x) = -54*x + 5028. What is j(93)?
6
Let x(a) = 29*a - 323. Calculate x(11).
-4
Let m(w) = -w**3 + 16*w**2 - 266*w + 5430. Determine m(18).
-6
Let c(k) = k**2 - 34*k + 76. Give c(2).
12
Let i(d) = d**2 - 13*d - 553. What is i(28)?
-133
Let t(d) = 5*d**3 + 7*d**2 + 15*d - 4. What is t(-2)?
-46
Let h(z) = -2*z**2 - 3*z + 189. What is h(12)?
-135
Let d(w) = -45*w + 1684. What is d(35)?
109
Let d(g) = -88*g + 2028. Calculate d(23).
4
Let r(x) = 4*x**3 - 7*x**2 - 17*x + 32. Calculate r(2).
2
Let p(y) = -y**2 + 80*y + 10066. Give p(148).
2
Let w(v) = 2*v**2 + 3*v - 267. What is w(11)?
8
Let z(n) = 2*n**3 + 13*n**2 - 6*n - 11. What is z(-7)?
-18
Let j(m) = -2*m**2 + 10. Determine j(5).
-40
Let q(b) = 120*b**2 - 51*b. Give q(2).
378
Let w(a) = -117*a + 7. Calculate w(-1).
124
Let t(q) = -1611*q - 8065. Calculate t(-5).
-10
Let p(a) = 1305*a + 9115. Determine p(-7).
-20
Let j(q) = q**3 - 14*q**2 - 35*q + 186. Determine j(15).
-114
Let t(u) = -u**3 + 24*u**2 + 91*u - 309. What is t(27)?
-39
Let a(j) = -466*j - 1840. Give a(-4).
24
Let l(t) = -t**2 + 119*t - 1834. Give l(101).
-16
Let a(s) = 11*s**2 + 247*s + 963. Give a(-5).
3
Let y(p) = -429*p**3 - 4*p**2 + 14*p - 11. What is y(1)?
-430
Let i(d) = -4*d**3 + 23*d**2 + 5*d + 12. Give i(6).
6
Let a(v) = -6*v**3 + 2*v**2 - 6*v - 17. Calculate a(-2).
51
Let u(j) = -j**2 - 627*j - 10960. What is u(-18)?
2
Let q(h) = -6*h**2 - 13*h - 3. Determine q(5).
-218
Let t(l) = -l**2 + 25*l - 191. Calculate t(19).
-77
Let z(j) = 19*j + 782. Determine z(-43).
-35
Let i(q) = -q**3 - 25*q**2 - 43*q - 48. Calculate i(-23).
-117
Let u(n) = -1073*n - 5353. Determine u(-5).
12
Let l(v) = -12*v**3 + 33*v - 31. Determine l(1).
-10
Let b(r) = -r**3 - 22*r**2 + 103*r - 13. Calculate b(-26).
13
Let m(n) = 4*n**3 - 26*n**2 - 13*n - 23. Determine m(7).
-16
Let m(u) = u**3 + 25*u**2 + 24*u + 7. Calculate m(-24).
7
Let m(c) = -53*c + 816. What is m(19)?
-191
Let b(p) = -p**2 + 10*p + 223. Calculate b(22).
-41
Let h(z) = z**2 + 6*z + 11. What is h(-2)?
3
Let v(i) = i**2 + 2*i - 95. Determine v(-13).
48
Let x(c) = -8*c**3 + 2*c**2 + 15*c + 14. Give x(-4).
498
Let m(x) = -x**3 - 20*x**2 - 226*x - 4513. Determine m(-20).
7
Let m(t) = -9*t**3 + 361*t**2 - 40*t + 4. Calculate m(40).
4
Let f(i) = 851*i + 1700. What is f(-2)?
-2
Let k(p) = -9*p**2 + 40*p - 143. Give k(4).
-127
Let g(v) = 43*v + 3284. Give g(-74).
102
Let o(c) = -69*c**2 - 14*c - 13. Give o(-1).
-68
Let k(d) = 3*d**3 - 4*d**2 - 54*d + 213. Determine k(5).
218
Let h(g) = g**2 + 28*g - 266. Give h(-34).
-62
Let g(u) = u**3 - 108*u**2 + 420*u + 4. Give g(4).
20
Let a(r) = r**3 + 21*r + 1. Determine a(0).
1
Let h(x) = x**3 + 165*x**2 - 4321*x - 52. Calculate h(23).
17
Let d(y) = -17*y**3 + 4*y**2 + 128*y + 124. Determine d(-1).
17
Let l(s) = 387*s - 17013. Give l(44).
15
Let f(r) = -r**3 + r**2 - 14*r + 67. Give f(0).
67
Let j(l) = -l**2 + 155*l + 2934. Determine j(-17).
10
Let x(d) = -2*d**2 + 95*d - 615. Give x(7).
-48
Let z(m) = -9*m**2 - 17*m - 20. What is z(-6)?
-242
Let q(z) = 4*z**2 - 32*z - 72. What is q(9)?
-36
Let y(b) = -5*b**2 + 33*b + 62. Calculate y(8).
6
Let g(i) = -19*i + 94. Give g(6).
-20
Let p(a) = -2*a**3 - 180*a**2 + 1153*a + 94. What is p(-96)?
-2
Let x(z) = 142*z + 5393. Calculate x(-38).
-3
Let k(w) = 4*w**3 - 99*w**2 - 131*w + 4. Determine k(26).
-22
Let m(u) = -u**3 - 33*u**2 + 33*u + 7. Calculate m(-34).
41
Let f(g) = g**3 - 8*g**2 - 8*g + 4. Give f(-4).
-156
Let d(a) = -a**3 + 178*a**2 - 518*a - 1220. Give d(175).
5
Let r(n) = 9*n + 133. Calculate r(-15).
-2
Let o(t) = -37*t + 864. What is o(23)?
13
Let w(n) = 7*n**2 + 51*n - 26. Calculate w(-8).
14
Let p(c) = c**2 - 38*c - 9442. Determine p(-80).
-2
Let x(k) = -10*k + 729. Determine x(69).
39
Let o(i) = -15*i**3 - 10*i**2 + 3*i + 1. Determine o(-1).
3
Let v(j) = 2*j**2 + 27*j - 81. Calculate v(-16).
-1
Let m(n) = -38*n - 350. Calculate m(-12).
106
Let x(s) = -58*s**2 + 693*s + 26. Determine x(12).
-10
Let a(w) = -w**3 + 2*w**2 + 4*w - 7. Calculate a(5).
-62
Let m(o) = 330*o**2 + 170*o. Determine m(1).
500
Let t(j) = -5*j**2 - 26*j - 29. What is t(-5)?
-24
Let m(t) = 5*t**2 + 207*t + 31. Calculate m(-42).
157
Let m(a) = -2*a**2 + 79*a - 573. Give m(30).
-3
Let p(q) = 5*q**2 - 78*q - 432. Give p(-6).
216
Let o(q) = q**2 + 2225*q + 33135. Calculate o(-15).
-15
Let l(w) = -50*w - 1264. Determine l(-24).
-64
Let s(k) = -k**3 - 61*k**2 + 201*k + 575. Give s(-64).
-1
Let s(z) = 18*z + 658. Give s(-37).
-8
Let k(s) = s**2 + 28*s - 145. Calculate k(-34).
59
Let b(o) = 14*o**2 + 3*o + 57. Calculate b(-5).
392
Let x(h) = h**2 - 20*h + 323. Determine x(0).
323
Let n(p) = 2*p**3 - 51*p**2 + 20*p - 39. Give n(25).
-164
Let w(m) = -6*m**3 + 36*m**2 - 4*m + 23. Give w(6).
-1
Let q(w) = w**2 + 44*w + 135. Determine q(-40).
-25
Let u(d) = 650*d - 5869. Calculate u(9).
-19
Let w(q) = 10*q**2 + 12*q - 49. Calculate w(7).
525
Let z(i) = -48*i - 200. Give z(-4).
-8
Let b(v) = -v**3 - 4*v**2 - 25*v + 14. Give b(-6).
236
Let w(r) = r**2 - 104*r - 322. What is w(-3)?
-1
Let y(s) = 105*s + 3449. Determine y(-33).
-16
Let h(j) = 3*j**3 - 31*j**2 - 23*j + 6. What is h(11)?
-5
Let c(g) = -29*g + 3903. Calculate c(133).
46
Let s(b) = -b**3 